. Calculate s(112).
3
Let f(v) = -1019*v + 7536. What is f(7)?
403
Let x(j) = 879193*j + 879184. Determine x(-1).
-9
Let n(j) = 9*j**2 - 322*j - 2327. What is n(42)?
25
Let s(o) = -19670*o**2 + 255713*o - 51. Calculate s(13).
-12
Let n(m) = -6*m**3 - 186*m**2 - 359*m - 5392. Determine n(-30).
-22
Let h(y) = -29*y**2 - 139*y + 546. Calculate h(4).
-474
Let s(b) = 4*b**3 - 34*b**2 - 108*b + 158. What is s(-7)?
-2124
Let a(h) = -1340*h + 11717. Give a(9).
-343
Let u(l) = 20*l**3 - 99*l**2 + 32*l - 64. Calculate u(4).
-240
Let n(j) = j**3 + 33*j**2 - 125*j - 566. Give n(-36).
46
Let z(g) = g**3 + 12*g**2 - 800*g - 100. Give z(23).
15
Let i(s) = s**3 - 24*s**2 + 2043*s - 41930. Determine i(21).
-350
Let j(d) = d**3 + 129*d**2 + 327*d - 6425. What is j(-126)?
1
Let y(h) = 3257*h + 46607. Give y(-14).
1009
Let r(m) = 829*m - 1571. Calculate r(5).
2574
Let c(i) = 1693*i + 10. Calculate c(0).
10
Let p(z) = -10041*z - 632552. Calculate p(-63).
31
Let k(v) = 1341*v**3 + 5365*v**2 - 2*v - 43. Give k(-4).
-19
Let u(h) = h**3 + 54*h**2 + 602*h + 369. What is u(-39)?
-294
Let q(s) = -7*s**2 + 107*s + 162. Determine q(9).
558
Let o(p) = 103*p**2 + 932*p - 3. Determine o(-9).
-48
Let i(n) = 5*n**3 - 1312*n**2 + 1688*n + 36266. Calculate i(261).
-13
Let x(y) = -18968*y + 1441558. Determine x(76).
-10
Let k(d) = -29998*d**2 - 359978*d - 40. Calculate k(-12).
-16
Let t(l) = 12*l**2 - 403*l - 150. What is t(34)?
20
Let n(t) = 3*t**3 + t**2 - 1031*t + 4042. Calculate n(4).
126
Let r(n) = 15*n**2 - 805*n + 300. What is r(55)?
1400
Let z(l) = 35*l**2 + 592*l - 152519. Calculate z(-75).
-44
Let g(x) = -9267*x - 1019363. Give g(-110).
7
Let h(y) = 881*y + 11461. Give h(-13).
8
Let q(m) = m**3 + 78*m**2 - 436*m - 335. Calculate q(-83).
1408
Let x(r) = 441*r**2 + 3*r - 1. Determine x(1).
443
Let a(j) = -56*j**3 + 897*j**2 + 23*j + 33. Calculate a(16).
657
Let l(z) = -1228*z - 59988. Calculate l(-49).
184
Let g(w) = -3*w**2 - 233*w + 820. Give g(-80).
260
Let a(l) = -13*l**3 - 219*l**2 - 651*l + 7. Determine a(-3).
340
Let x(s) = 181320*s + 2901214. Give x(-16).
94
Let o(w) = -318*w**2 + 2249*w + 5514. Give o(9).
-3
Let j(c) = 3330*c**2 - 16667*c + 63. Determine j(5).
-22
Let d(o) = 345*o**2 - 26565*o - 29. Determine d(77).
-29
Let d(z) = 212*z - 12154. What is d(61)?
778
Let f(p) = -p**3 - 17*p**2 + 140*p + 104. What is f(-18)?
-2092
Let l(v) = -126*v**2 + 330*v - 328. What is l(1)?
-124
Let p(h) = 3257*h + 30396. Give p(-9).
1083
Let t(c) = c**2 - 709. Calculate t(20).
-309
Let x(k) = 1779*k + 816560. Give x(-459).
-1
Let p(r) = 9*r**2 - 894*r - 5655. Determine p(-6).
33
Let w(i) = -i**3 + 34*i**2 + 41*i - 206. Determine w(35).
4
Let u(c) = -54*c**2 - 6210*c - 24. What is u(-115)?
-24
Let q(a) = a**3 + 30*a**2 + 79*a - 307. What is q(-28)?
-951
Let g(w) = -2*w**3 + 75*w**2 - 122*w - 1819. What is g(-4)?
-3
Let v(z) = -11182*z + 44589. Calculate v(4).
-139
Let a(h) = 25796*h - 154199. Calculate a(6).
577
Let w(p) = -1751*p + 323752. Determine w(185).
-183
Let m(b) = 34*b - 3044. Give m(90).
16
Let j(b) = -2713*b - 4722. Determine j(0).
-4722
Let b(f) = -2*f**3 + 427*f**2 + 227*f - 2660. Calculate b(214).
122
Let q(d) = -1412*d - 617131. What is q(-437)?
-87
Let t(d) = 541*d + 28207. Give t(-52).
75
Let f(g) = 2*g**2 + 461*g - 2146. Determine f(-235).
-31
Let b(t) = t**3 - 5*t**2 - 77*t - 91. Determine b(13).
260
Let s(a) = 30*a**2 - 3513*a - 384. Determine s(117).
-735
Let o(a) = -7*a**2 - 520*a + 961. Determine o(-76).
49
Let w(g) = 2554*g + 367763. Determine w(-144).
-13
Let k(t) = t**2 + 2936*t + 52492. Calculate k(-18).
-32
Let p(u) = u**2 + 90*u - 874. Determine p(-79).
-1743
Let h(w) = 2496*w - 157242. What is h(63)?
6
Let k(n) = 15*n**3 - 15*n**2 - 50*n + 96. What is k(-4)?
-904
Let i(b) = 620*b + 1338. What is i(-2)?
98
Let q(p) = -p**3 - 424*p**2 - 478*p - 23176. Give q(-423).
89
Let u(x) = 209121*x - 209373. Determine u(1).
-252
Let r(n) = -n**3 + 211*n**2 - 8010*n - 19288. What is r(53)?
4
Let h(l) = -4192*l - 34165. What is h(-8)?
-629
Let y(p) = -293*p - 31860. Calculate y(-110).
370
Let x(r) = -24*r**3 + 407*r**2 + 34*r - 39. Give x(17).
250
Let f(o) = -2*o**2 - 3554*o - 80947. Give f(-23).
-263
Let d(l) = -19*l + 33. What is d(1)?
14
Let k(s) = -2*s**3 - 24*s**2 - 60*s + 57. What is k(-8)?
25
Let v(n) = -n**3 + 192*n**2 + 2476*n + 337. Determine v(-12).
1
Let x(y) = -5*y**2 + 51861*y + 51859. What is x(-1)?
-7
Let i(q) = q**3 - 54*q**2 + 139*q - 10679. Determine i(55).
-9
Let w(f) = -6*f**3 - 35*f**2 - 15766*f - 94625. Give w(-6).
7
Let p(u) = 11013*u - 99427. Calculate p(9).
-310
Let c(a) = -7*a**2 + 2030*a - 23352. Determine c(12).
0
Let r(x) = 2*x**2 - 2012*x - 18625. What is r(-9)?
-355
Let a(z) = -127776*z - 45743812. What is a(-358)?
-4
Let o(p) = 87859*p + 2020905. Calculate o(-23).
148
Let z(a) = 53368*a - 1120727. Give z(21).
1
Let s(z) = -16*z**3 - 109*z**2 - 39*z + 226. Give s(-6).
-8
Let f(i) = -1234*i**2 - 103662*i - 366. Determine f(-84).
138
Let q(t) = 11251*t + 6964361. Calculate q(-619).
-8
Let g(k) = 61*k - 816. Calculate g(25).
709
Let s(h) = -191*h - 28274. Calculate s(-148).
-6
Let s(i) = -39*i**2 + 39*i - 191. What is s(4)?
-659
Let r(o) = -4455*o + 387580. Calculate r(87).
-5
Let u(j) = 307*j - 9210. Calculate u(30).
0
Let t(i) = -251*i - 4945. Determine t(-16).
-929
Let v(c) = c**3 - 885*c**2 + 7879*c + 19. What is v(9)?
-26
Let o(p) = -73*p**2 - 13*p + 56. Determine o(-4).
-1060
Let g(s) = -s**3 - 41*s**2 - 233*s + 219. Give g(-34).
49
Let l(u) = -14*u**2 - 1326*u - 9436. Give l(-87).
-40
Let r(a) = 2038*a + 30544. Determine r(-15).
-26
Let m(l) = -12360*l + 605625. Give m(49).
-15
Let o(g) = g**2 - 1676*g + 24944. Determine o(15).
29
Let h(s) = 187*s - 1242. Determine h(5).
-307
Let b(s) = -s**2 + 162*s + 87. Calculate b(163).
-76
Let o(y) = -114876*y + 12. Determine o(0).
12
Let a(r) = -r**2 + 2135946*r + 10679759. Determine a(-5).
4
Let z(f) = f**3 - 10*f**2 + 76*f - 257. Determine z(4).
-49
Let x(w) = -7527*w - 30096. Calculate x(-4).
12
Let y(i) = -5201*i - 208042. Calculate y(-40).
-2
Let l(b) = -2690*b + 55808. Determine l(21).
-682
Let b(o) = -o**2 + 31976*o + 543924. Calculate b(-17).
43
Let j(a) = a**3 + 16*a**2 + 2734*a + 26737. Give j(-10).
-3
Let u(r) = -8*r**2 + 3202*r - 25086. Give u(8).
18
Let k(u) = 7752*u - 1558138. Give k(201).
14
Let d(j) = -15430*j + 293038. Determine d(19).
-132
Let j(o) = -o**3 + 442*o**2 + 415*o + 12400. Calculate j(443).
-4
Let a(c) = c**3 + 108*c**2 + 2945*c + 8998. Give a(-40).
-2
Let p(f) = 6*f**2 + 1226*f + 11645. Give p(-10).
-15
Let c(x) = -11*x**2 - 553*x + 20. What is c(-51)?
-388
Let d(h) = h**3 - 71*h**2 - 1195*h - 138. What is d(-14)?
-68
Let o(g) = -403*g - 14287. Determine o(-35).
-182
Let h(g) = -7*g**3 + 258*g**2 - 225*g + 287. Give h(36).
-37
Let z(v) = -220*v - 13163. Calculate z(-86).
5757
Let r(s) = 2*s**3 + 314*s**2 - 636*s - 30. Calculate r(-159).
-30
Let p(b) = b**2 + 10710*b + 670539. Give p(-63).
-222
Let r(m) = -m**3 - 74*m**2 + 2599*m + 37. Determine r(26).
11
Let l(z) = -z**2 - 812*z + 10675. Determine l(13).
-50
Let a(h) = -767*h - 4703. Give a(-6).
-101
Let r(x) = 3047*x + 216327. Determine r(-71).
-10
Let r(s) = 4*s**2 - 29*s + 159. Determine r(4).
107
Let p(s) = -798*s + 804. Give p(1).
6
Let a(r) = -3*r**3 - 101*r**2 + 1640*r + 43. Calculate a(12).
-5
Let g(z) = 57*z**2 - 1771*z - 1089. Determine g(32).
607
Let v(h) = -8*h**3 + 1690*h**2 + 11775*h - 652. Give v(218).
2
Let k(a) = 44*a**2 - 1658*a + 14969. Calculate k(15).
-1
Let w(l) = 2*l**2 - 86*l + 391. Determine w(34).
-221
Let a(t) = t**2 + 169*t + 6090. Give a(-46).
432
Let h(f) = 370499*f + 370481. What is h(-1)?
-18
Let r(u) = 34*u**2 + 6373*u + 12621. Calculate r(-2).
11
Let h(z) = 4*z**2 - 1256847*z + 2513690. What is h(2)?
12
Let d(m) = m**2 + 7356*m + 248954. Calculate d(-34).
6
Let j(r) = r**3 - 13*r + 341. Calculate j(-9).
-271
Let g(t) = -3*t**2 + 177*t + 2541. What is g(71)?
-15
Let t(u) = 48628*u + 437640. Calculate t(-9).
-12
Let r(o) = -125*o**3 + 2750*o**2 - 26*o + 561. Determine r(22).
-11
Let h(r) = -499*r + 12952. Calculate h(26).
-22
Let g(r) = 2050*r + 9925. Calculate g(-3).
3775
Let t(z) = -3397*z + 567289. Determine t(167).
-10
Let v(b) = b**2 + 164*b - 22575. Calculate v(90).
